{"id":2,"date":"2023-06-28T16:00:07","date_gmt":"2023-06-28T14:00:07","guid":{"rendered":"https:\/\/igelhilfe-langfoerden.de\/?page_id=2"},"modified":"2024-11-07T14:06:00","modified_gmt":"2024-11-07T13:06:00","slug":"beispiel-seite","status":"publish","type":"page","link":"https:\/\/igelhilfe-langfoerden.de\/?page_id=2","title":{"rendered":"Erste Hilfe \ud83c\udd98"},"content":{"rendered":"\n<p>Wenn du einen Igel gefunden hast und unsicher bist, ob er Hilfe ben\u00f6tigt, gibt es einige einfache Schritte, die du unternehmen kannst, um ihm zu helfen. Hier sind die wichtigsten Ma\u00dfnahmen:<\/p>\n\n\n\n<p><strong><em>1. Beobachten und Beurteilen<\/em><\/strong><\/p>\n\n\n\n<p><strong>Gesunder Igel:<\/strong> Ein gesunder, aktiver Igel, der in der D\u00e4mmerung oder nachts heruml\u00e4uft, braucht normalerweise keine Hilfe.<\/p>\n\n\n\n<p><strong>Hilfe n\u00f6tig:<\/strong> Ein Igel braucht Unterst\u00fctzung, wenn er tags\u00fcber aktiv ist, sich nicht zusammenrollt, mager oder schwach aussieht (Hungerknick, tiefe Falte im Nacken), offensichtlich verletzt ist oder stark hustet und r\u00f6chelt, Ebenso wenn er von  Fliegen umschw\u00e4rmt wird  oder Fliegeneier an ihm haften.<\/p>\n\n\n\n<p><strong><em>2. Wann sollte man helfen?<\/em><\/strong><\/p>\n\n\n\n<p><strong>Jungtiere im Herbst:<\/strong> Jungigel, die im Sp\u00e4therbst noch sehr klein und leicht (unter 500-600 Gramm) sind, k\u00f6nnten den Winterschlaf nicht \u00fcberstehen und brauchen m\u00f6glicherweise Hilfe. <\/p>\n\n\n\n<p><strong>K\u00e4lte und N\u00e4sse:<\/strong> Igel, die durchn\u00e4sst oder unterk\u00fchlt sind (besonders im Sp\u00e4therbst\/Winter), brauchen ebenfalls Hilfe.<\/p>\n\n\n\n<p><strong>Verletzungen:<\/strong> Ein verletzter Igel der eine Wunde hat, mit Fliegeneiern \/Maden behaftet ist muss versorgt werden.<\/p>\n\n\n\n<p><strong><em>3. Erste Ma\u00dfnahmen<\/em><\/strong><\/p>\n\n\n\n<p>Einen ruhigen, warmen Ort schaffen: Lege den Igel in eine mit einem Handtuch oder Zeitungspapier ausgelegte Box. Biete ihm eine Versteckm\u00f6glichkeit entw. einen kleinen Karton mit \u00d6ffnung und Stroh gef\u00fcllt oder ein zweites Handtuch an. Wenn es k\u00fchl ist, kann eine handwarme W\u00e4rmflasche (in ein Handtuch gewickelt) helfen. Stelle sicher, dass die Temperatur angenehm ist \u2013 zu viel Hitze ist sch\u00e4dlich. Der Igel sollte jederzeit die W\u00e4rmequelle verlassen k\u00f6nnen.<\/p>\n\n\n\n<p><strong>Futter anbieten:<\/strong> Biete Katzenfutter, sowohl Nass- als auch Trockenfutter (ohne Getreide) mit einem Fleischanteil \u00fcber 60% ohne Gelee, Sauce oder Aspik sind gut geeignet oder ein schlottrig angebratenes R\u00fchrei oder ein gehacktes gekochtes Ei, dazu etwas frisches Wasser. Keine Milch geben, das vertragen Igel nicht und es kann zu schweren Durchf\u00e4llen f\u00fchren.<\/p>\n\n\n\n<p><strong>Sauberkeit: <\/strong>Das Zeitungspapier etc. sollte t\u00e4glich gewechselt werden. Ebenso sollten die N\u00e4pfe t\u00e4gl. ges\u00e4ubert und frisch aufgef\u00fcllt werden<\/p>\n\n\n\n<p><strong><em>4. Den Igel wiegen<\/em><\/strong><\/p>\n\n\n\n<p>Ein Igel im Herbst sollte mindestens 500-600 Gramm wiegen, um gut durch den Winter zu kommen. Wiegt er weniger, braucht er m\u00f6glicherweise Unterst\u00fctzung, um auf ein ausreichendes Gewicht zu kommen.<\/p>\n\n\n\n<p><strong><em>5. Kontaktiere eine Igelstation oder einen Tierarzt<\/em><\/strong> <\/p>\n\n\n\n<p>Wenn du unsicher bist, wie es dem Igel geht, kontaktiere eine Igelauffangstation, einen Wildtier-Experten oder einen Tierarzt. Die Mitarbeiter dort k\u00f6nnen einsch\u00e4tzen, ob und welche Hilfe der Igel braucht und ob er bis zum Fr\u00fchling in menschlicher Obhut bleiben sollte.<\/p>\n\n\n\n<p><strong><em>6. R\u00fcckkehr in die Natur<\/em><\/strong><\/p>\n\n\n\n<p>Gesunde Igel sollten wieder in die Natur entlassen werden. Junge oder geschw\u00e4chte Igel, die \u00fcber den Winter betreut werden mussten, kann man im Fr\u00fchling kontrolliert wieder ausgewildert werden. Ein Igel ist ein Wildtier und sollte m\u00f6glichst in der Natur bleiben, es sei denn, sein \u00dcberleben ist gef\u00e4hrdet. Du kannst dem kleinen Tier aber effektiv helfen, gesund und sicher zu bleiben, indem du ihm \u00fcber das Jahr eine gesch\u00fctzte Futterquelle anbietest.<\/p>\n\n\n\n<p><\/p>\n","protected":false},"excerpt":{"rendered":"<p>Wenn du einen Igel gefunden hast und unsicher bist, ob er Hilfe ben\u00f6tigt, gibt es einige einfache Schritte, die du unternehmen kannst, um ihm zu&#8230;<\/p>\n<div class=\"more-link-wrapper\"><a class=\"more-link\" href=\"https:\/\/igelhilfe-langfoerden.de\/?page_id=2\">Weiterlesen<span class=\"screen-reader-text\">Erste Hilfe \ud83c\udd98<\/span><\/a><\/div>\n","protected":false},"author":1,"featured_media":0,"parent":0,"menu_order":2,"comment_status":"closed","ping_status":"open","template":"","meta":{"iawp_total_views":363,"footnotes":""},"class_list":["post-2","page","type-page","status-publish","hentry","entry"],"_links":{"self":[{"href":"https:\/\/igelhilfe-langfoerden.de\/index.php?rest_route=\/wp\/v2\/pages\/2","targetHints":{"allow":["GET"]}}],"collection":[{"href":"https:\/\/igelhilfe-langfoerden.de\/index.php?rest_route=\/wp\/v2\/pages"}],"about":[{"href":"https:\/\/igelhilfe-langfoerden.de\/index.php?rest_route=\/wp\/v2\/types\/page"}],"author":[{"embeddable":true,"href":"https:\/\/igelhilfe-langfoerden.de\/index.php?rest_route=\/wp\/v2\/users\/1"}],"replies":[{"embeddable":true,"href":"https:\/\/igelhilfe-langfoerden.de\/index.php?rest_route=%2Fwp%2Fv2%2Fcomments&post=2"}],"version-history":[{"count":4,"href":"https:\/\/igelhilfe-langfoerden.de\/index.php?rest_route=\/wp\/v2\/pages\/2\/revisions"}],"predecessor-version":[{"id":94,"href":"https:\/\/igelhilfe-langfoerden.de\/index.php?rest_route=\/wp\/v2\/pages\/2\/revisions\/94"}],"wp:attachment":[{"href":"https:\/\/igelhilfe-langfoerden.de\/index.php?rest_route=%2Fwp%2Fv2%2Fmedia&parent=2"}],"curies":[{"name":"wp","href":"https:\/\/api.w.org\/{rel}","templated":true}]}}