{"id":59,"date":"2024-11-06T13:09:16","date_gmt":"2024-11-06T12:09:16","guid":{"rendered":"https:\/\/igelhilfe-langfoerden.de\/?page_id=59"},"modified":"2025-09-03T10:35:38","modified_gmt":"2025-09-03T08:35:38","slug":"unsere-pflegestelle","status":"publish","type":"page","link":"https:\/\/igelhilfe-langfoerden.de\/?page_id=59","title":{"rendered":"Unsere Igelstation \ud83c\udfe0"},"content":{"rendered":"\n<p><strong>Unsere Igelstation in Calveslage<\/strong><\/p>\n\n\n\n<p>Seit Anfang 2025 befindet sich unsere Igelstation der <em>Igelhilfe Langf\u00f6rden e.V.<\/em> in Calveslage. Hier k\u00fcmmern sich Tanja Korf gemeinsam mit ihren beiden T\u00f6chtern mit viel Herzblut und Engagement um hilfsbed\u00fcrftige Igel.<\/p>\n\n\n\n<p>In unserer Station finden hilfsbed\u00fcrftige Igel einen sicheren Platz, an dem sie versorgt, aufgep\u00e4ppelt und liebevoll betreut werden. <strong>Verletzte Igel geh\u00f6ren umgehend in die H\u00e4nde eines fachkundigen Tierarztes<\/strong>. Die weitere Versorgung \u00fcbernimmt dann bei Bedarf unsere Igelstation.  Auch Jungtiere, die ohne Mutter nicht \u00fcberleben k\u00f6nnten, werden bei uns gro\u00dfgezogen, bis sie stark genug sind, in die Freiheit zur\u00fcckzukehren.<\/p>\n\n\n\n<p>Mit viel Erfahrung, Geduld und Zuwendung schaffen wir in Calveslage einen Ort, an dem unsere stacheligen Freunde die n\u00f6tige Hilfe bekommen \u2013 immer mit dem Ziel, sie wieder gesund und fit in ihre nat\u00fcrliche Umgebung zu entlassen.<\/p>\n\n\n\n<figure class=\"wp-block-gallery has-nested-images columns-default is-cropped wp-block-gallery-1 is-layout-flex wp-block-gallery-is-layout-flex\">\n<figure class=\"wp-block-image size-large\"><img loading=\"lazy\" decoding=\"async\" width=\"768\" height=\"1024\" data-id=\"127\" src=\"https:\/\/igelhilfe-langfoerden.de\/wp-content\/uploads\/2025\/09\/1-768x1024.jpg\" alt=\"\" class=\"wp-image-127\" srcset=\"https:\/\/igelhilfe-langfoerden.de\/wp-content\/uploads\/2025\/09\/1-768x1024.jpg 768w, https:\/\/igelhilfe-langfoerden.de\/wp-content\/uploads\/2025\/09\/1-225x300.jpg 225w, https:\/\/igelhilfe-langfoerden.de\/wp-content\/uploads\/2025\/09\/1-1152x1536.jpg 1152w, https:\/\/igelhilfe-langfoerden.de\/wp-content\/uploads\/2025\/09\/1.jpg 1536w\" sizes=\"auto, (max-width: 768px) 100vw, 768px\" \/><\/figure>\n\n\n\n<figure class=\"wp-block-image size-large\"><img loading=\"lazy\" decoding=\"async\" width=\"1325\" height=\"993\" data-id=\"138\" src=\"https:\/\/igelhilfe-langfoerden.de\/wp-content\/uploads\/2025\/09\/2-edited.jpg\" alt=\"\" class=\"wp-image-138\" srcset=\"https:\/\/igelhilfe-langfoerden.de\/wp-content\/uploads\/2025\/09\/2-edited.jpg 1325w, https:\/\/igelhilfe-langfoerden.de\/wp-content\/uploads\/2025\/09\/2-edited-300x225.jpg 300w, https:\/\/igelhilfe-langfoerden.de\/wp-content\/uploads\/2025\/09\/2-edited-1024x767.jpg 1024w, https:\/\/igelhilfe-langfoerden.de\/wp-content\/uploads\/2025\/09\/2-edited-768x576.jpg 768w\" sizes=\"auto, (max-width: 1325px) 100vw, 1325px\" \/><\/figure>\n\n\n\n<figure class=\"wp-block-image size-large\"><img loading=\"lazy\" decoding=\"async\" width=\"990\" height=\"743\" data-id=\"139\" src=\"https:\/\/igelhilfe-langfoerden.de\/wp-content\/uploads\/2025\/09\/3-edited.jpg\" alt=\"\" class=\"wp-image-139\" srcset=\"https:\/\/igelhilfe-langfoerden.de\/wp-content\/uploads\/2025\/09\/3-edited.jpg 990w, https:\/\/igelhilfe-langfoerden.de\/wp-content\/uploads\/2025\/09\/3-edited-300x225.jpg 300w, https:\/\/igelhilfe-langfoerden.de\/wp-content\/uploads\/2025\/09\/3-edited-768x576.jpg 768w\" sizes=\"auto, (max-width: 990px) 100vw, 990px\" \/><\/figure>\n\n\n\n<figure class=\"wp-block-image size-large\"><img loading=\"lazy\" decoding=\"async\" width=\"993\" height=\"1325\" data-id=\"140\" src=\"https:\/\/igelhilfe-langfoerden.de\/wp-content\/uploads\/2025\/09\/4-edited.jpg\" alt=\"\" class=\"wp-image-140\" srcset=\"https:\/\/igelhilfe-langfoerden.de\/wp-content\/uploads\/2025\/09\/4-edited.jpg 993w, https:\/\/igelhilfe-langfoerden.de\/wp-content\/uploads\/2025\/09\/4-edited-225x300.jpg 225w, https:\/\/igelhilfe-langfoerden.de\/wp-content\/uploads\/2025\/09\/4-edited-767x1024.jpg 767w, https:\/\/igelhilfe-langfoerden.de\/wp-content\/uploads\/2025\/09\/4-edited-768x1025.jpg 768w\" sizes=\"auto, (max-width: 993px) 100vw, 993px\" \/><\/figure>\n\n\n\n<figure class=\"wp-block-image size-large\"><img loading=\"lazy\" decoding=\"async\" width=\"768\" height=\"1024\" data-id=\"132\" src=\"https:\/\/igelhilfe-langfoerden.de\/wp-content\/uploads\/2025\/09\/5-768x1024.jpg\" alt=\"\" class=\"wp-image-132\" srcset=\"https:\/\/igelhilfe-langfoerden.de\/wp-content\/uploads\/2025\/09\/5-768x1024.jpg 768w, https:\/\/igelhilfe-langfoerden.de\/wp-content\/uploads\/2025\/09\/5-225x300.jpg 225w, https:\/\/igelhilfe-langfoerden.de\/wp-content\/uploads\/2025\/09\/5-1152x1536.jpg 1152w, https:\/\/igelhilfe-langfoerden.de\/wp-content\/uploads\/2025\/09\/5.jpg 1500w\" sizes=\"auto, (max-width: 768px) 100vw, 768px\" \/><\/figure>\n\n\n\n<figure class=\"wp-block-image size-large\"><img loading=\"lazy\" decoding=\"async\" width=\"768\" height=\"1024\" data-id=\"134\" src=\"https:\/\/igelhilfe-langfoerden.de\/wp-content\/uploads\/2025\/09\/6-768x1024.jpg\" alt=\"\" class=\"wp-image-134\" srcset=\"https:\/\/igelhilfe-langfoerden.de\/wp-content\/uploads\/2025\/09\/6-768x1024.jpg 768w, https:\/\/igelhilfe-langfoerden.de\/wp-content\/uploads\/2025\/09\/6-225x300.jpg 225w, https:\/\/igelhilfe-langfoerden.de\/wp-content\/uploads\/2025\/09\/6-1152x1536.jpg 1152w, https:\/\/igelhilfe-langfoerden.de\/wp-content\/uploads\/2025\/09\/6.jpg 1500w\" sizes=\"auto, (max-width: 768px) 100vw, 768px\" \/><\/figure>\n\n\n\n<figure class=\"wp-block-image size-large\"><img loading=\"lazy\" decoding=\"async\" width=\"768\" height=\"1024\" data-id=\"128\" src=\"https:\/\/igelhilfe-langfoerden.de\/wp-content\/uploads\/2025\/09\/7-768x1024.jpg\" alt=\"\" class=\"wp-image-128\" srcset=\"https:\/\/igelhilfe-langfoerden.de\/wp-content\/uploads\/2025\/09\/7-768x1024.jpg 768w, https:\/\/igelhilfe-langfoerden.de\/wp-content\/uploads\/2025\/09\/7-225x300.jpg 225w, https:\/\/igelhilfe-langfoerden.de\/wp-content\/uploads\/2025\/09\/7-1152x1536.jpg 1152w, https:\/\/igelhilfe-langfoerden.de\/wp-content\/uploads\/2025\/09\/7.jpg 1500w\" sizes=\"auto, (max-width: 768px) 100vw, 768px\" \/><\/figure>\n\n\n\n<figure class=\"wp-block-image size-large\"><img loading=\"lazy\" decoding=\"async\" width=\"768\" height=\"1024\" data-id=\"129\" src=\"https:\/\/igelhilfe-langfoerden.de\/wp-content\/uploads\/2025\/09\/8-768x1024.jpg\" alt=\"\" class=\"wp-image-129\" srcset=\"https:\/\/igelhilfe-langfoerden.de\/wp-content\/uploads\/2025\/09\/8-768x1024.jpg 768w, https:\/\/igelhilfe-langfoerden.de\/wp-content\/uploads\/2025\/09\/8-225x300.jpg 225w, https:\/\/igelhilfe-langfoerden.de\/wp-content\/uploads\/2025\/09\/8-1152x1536.jpg 1152w, https:\/\/igelhilfe-langfoerden.de\/wp-content\/uploads\/2025\/09\/8.jpg 1500w\" sizes=\"auto, (max-width: 768px) 100vw, 768px\" \/><\/figure>\n\n\n\n<figure class=\"wp-block-image size-large\"><img loading=\"lazy\" decoding=\"async\" width=\"1024\" height=\"768\" data-id=\"131\" src=\"https:\/\/igelhilfe-langfoerden.de\/wp-content\/uploads\/2025\/09\/9-1024x768.jpg\" alt=\"\" class=\"wp-image-131\" srcset=\"https:\/\/igelhilfe-langfoerden.de\/wp-content\/uploads\/2025\/09\/9-1024x768.jpg 1024w, https:\/\/igelhilfe-langfoerden.de\/wp-content\/uploads\/2025\/09\/9-300x225.jpg 300w, https:\/\/igelhilfe-langfoerden.de\/wp-content\/uploads\/2025\/09\/9-768x576.jpg 768w, https:\/\/igelhilfe-langfoerden.de\/wp-content\/uploads\/2025\/09\/9-1536x1152.jpg 1536w, https:\/\/igelhilfe-langfoerden.de\/wp-content\/uploads\/2025\/09\/9.jpg 2000w\" sizes=\"auto, (max-width: 1024px) 100vw, 1024px\" \/><\/figure>\n\n\n\n<figure class=\"wp-block-image size-large\"><img loading=\"lazy\" decoding=\"async\" width=\"1024\" height=\"768\" data-id=\"133\" src=\"https:\/\/igelhilfe-langfoerden.de\/wp-content\/uploads\/2025\/09\/10-1024x768.jpg\" alt=\"\" class=\"wp-image-133\" srcset=\"https:\/\/igelhilfe-langfoerden.de\/wp-content\/uploads\/2025\/09\/10-1024x768.jpg 1024w, https:\/\/igelhilfe-langfoerden.de\/wp-content\/uploads\/2025\/09\/10-300x225.jpg 300w, https:\/\/igelhilfe-langfoerden.de\/wp-content\/uploads\/2025\/09\/10-768x576.jpg 768w, https:\/\/igelhilfe-langfoerden.de\/wp-content\/uploads\/2025\/09\/10-1536x1152.jpg 1536w, https:\/\/igelhilfe-langfoerden.de\/wp-content\/uploads\/2025\/09\/10.jpg 2000w\" sizes=\"auto, (max-width: 1024px) 100vw, 1024px\" \/><\/figure>\n<\/figure>\n","protected":false},"excerpt":{"rendered":"<p>Unsere Igelstation in Calveslage Seit Anfang 2025 befindet sich unsere Igelstation der Igelhilfe Langf\u00f6rden e.V. in Calveslage. Hier k\u00fcmmern sich Tanja Korf gemeinsam mit ihren&#8230;<\/p>\n<div class=\"more-link-wrapper\"><a class=\"more-link\" href=\"https:\/\/igelhilfe-langfoerden.de\/?page_id=59\">Weiterlesen<span class=\"screen-reader-text\">Unsere Igelstation \ud83c\udfe0<\/span><\/a><\/div>\n","protected":false},"author":1,"featured_media":0,"parent":0,"menu_order":4,"comment_status":"closed","ping_status":"closed","template":"","meta":{"iawp_total_views":556,"footnotes":""},"class_list":["post-59","page","type-page","status-publish","hentry","entry"],"_links":{"self":[{"href":"https:\/\/igelhilfe-langfoerden.de\/index.php?rest_route=\/wp\/v2\/pages\/59","targetHints":{"allow":["GET"]}}],"collection":[{"href":"https:\/\/igelhilfe-langfoerden.de\/index.php?rest_route=\/wp\/v2\/pages"}],"about":[{"href":"https:\/\/igelhilfe-langfoerden.de\/index.php?rest_route=\/wp\/v2\/types\/page"}],"author":[{"embeddable":true,"href":"https:\/\/igelhilfe-langfoerden.de\/index.php?rest_route=\/wp\/v2\/users\/1"}],"replies":[{"embeddable":true,"href":"https:\/\/igelhilfe-langfoerden.de\/index.php?rest_route=%2Fwp%2Fv2%2Fcomments&post=59"}],"version-history":[{"count":7,"href":"https:\/\/igelhilfe-langfoerden.de\/index.php?rest_route=\/wp\/v2\/pages\/59\/revisions"}],"predecessor-version":[{"id":141,"href":"https:\/\/igelhilfe-langfoerden.de\/index.php?rest_route=\/wp\/v2\/pages\/59\/revisions\/141"}],"wp:attachment":[{"href":"https:\/\/igelhilfe-langfoerden.de\/index.php?rest_route=%2Fwp%2Fv2%2Fmedia&parent=59"}],"curies":[{"name":"wp","href":"https:\/\/api.w.org\/{rel}","templated":true}]}}